*q = l*q - 14670. What are the prime factors of q?
5, 163
What are the prime factors of 10794/(7 - 4) - (15 + -13)?
2, 29, 31
Let z be (-21)/4*(-112)/42. Let t = z + 43. Let n = t + -18. What are the prime factors of n?
3, 13
Let t(c) = 7435*c + 1649. What are the prime factors of t(6)?
167, 277
Let l = -96 - -100. Suppose l*q + 2*q - 24 = 0. Suppose q*p = 3*z - 526, -z - 3*p + p + 172 = 0. List the prime factors of z.
2, 3, 29
Suppose 5*z - 50 = 95. Let t = z - -240. List the prime factors of t.
269
Let h = 51 - 48. Let k(j) = 52*j**3 - 5*j**2 + 5*j - 4. Let r be k(h). List the prime factors of 10/(-15) - (r/6)/(-5).
3, 5
Let m = 542 - 540. Suppose h - 2*h + 169 = 0. Suppose -n + 6*n + 230 = 4*c, -3*c + m*n = -h. List the prime factors of c.
5, 11
Let l = -22 - -26. Suppose 0*i + 312 = l*i. Suppose -s + i = 8. What are the prime factors of s?
2, 5, 7
Let n = 216 - 211. Suppose -3*c + j = -1355, n*j - 1 - 4 = 0. What are the prime factors of c?
2, 113
Let k = -25521 + 45999. What are the prime factors of k?
2, 3, 3413
Suppose -4*k + 7*k - 15 = 0, y = -k. What are the prime factors of (-47)/(-1 - 0/((-20)/y))?
47
Suppose -105 = -27*h + 84. Suppose -4*m + 1130 = 3*f, 9*f - 3*m - 776 = h*f. What are the prime factors of f?
2, 191
Suppose 4*c + 1147 = -m - 210, 3*c - 3*m + 999 = 0. Let b = 1485 + c. What are the prime factors of b?
31, 37
Let k(j) = -j**3 - 2*j**2 - 3*j. Let l(u) = -u**3 - 2*u**2 - 3*u. Let w(g) = -3*k(g) + 4*l(g). Let m = -16 - -14. List the prime factors of w(m).
2, 3
Let x = -13 - -6. Let k(y) = 6*y**3 - 28*y**2 + 19*y. Let n(u) = -2*u**3 + 9*u**2 - 6*u. Let f(a) = x*n(a) - 2*k(a). What are the prime factors of f(5)?
5, 19
Let l(r) = -r**3 + 6*r**2 - 9*r + 9. Let y be l(4). Let u(v) = 12 + 11*v**2 + 8 - 3*v - 9*v. List the prime factors of u(y).
5, 47
Let j(r) = r + 20. Let x be j(-13). Let d(g) = 9*g - 6*g + 7*g + 3 + x*g. What are the prime factors of d(5)?
2, 11
Let j be ((-2)/(-1))/((-53)/(-106)). List the prime factors of (-2 + 12 - j - 1443)/(-1).
3, 479
Suppose -3434 = -35*u + 36*u - 12796. List the prime factors of u.
2, 31, 151
Let g be 11 - 29 - (-2 - -10). Suppose -h - h - 8 = 0. List the prime factors of (-150)/(-39) + h - 3930/g.
151
Let u = -16 - -19. Suppose 4*v - 472 = b + 3*b, -u*b - 4*v = 347. Let n = b + 209. What are the prime factors of n?
2, 23
Suppose 30 = 5*s + z - 6*z, -5*z = 10. Let n(h) = -9*h - s*h - 3*h - 12 + 5. List the prime factors of n(-6).
89
Let k(c) be the third derivative of c**4/12 + 17*c**3/3 - c**2. Let f be k(-16). Suppose 0 = -f*u - 3*u + 330. List the prime factors of u.
2, 3, 11
Let k(t) = -t**3 + 12*t**2 - 14*t - 21. Let q be k(7). Suppose -120*x - 2760 = -q*x. What are the prime factors of x?
2, 5, 23
Let z be (-8)/(-52) + 98465/65. Suppose 4*x - z = i, -4*x + i + 3*i + 1500 = 0. List the prime factors of x.
2, 5, 19
Suppose -906*w + 897*w = -39267. List the prime factors of w.
4363
Suppose 324 = 2*w + 2*z, 3*w - 20*z + 21*z - 486 = 0. What are the prime factors of w?
2, 3
Let f = 353 - 124. Let z = 233 - f. List the prime factors of z.
2
Let p(c) = 3*c**3 - 2*c**2 - 66*c + 64. List the prime factors of p(19).
5, 3733
Suppose -222*h - 2*u + 1420 = -220*h, -u = -4*h + 2825. List the prime factors of h.
7, 101
Let d be (((-24)/9)/4)/(1/804). List the prime factors of (d/(-12))/(6/45).
5, 67
Suppose 15*p + 97349 - 259109 = 0. Suppose -52*u + 44*u = -p. List the prime factors of u.
2, 337
Let i = 37 + -25. Suppose -20*g + 8088 = -i*g. List the prime factors of g.
3, 337
Let p = 76 - 46. Let m = 70 - p. Suppose l - 4*g = 5*l - 80, 2*l + g - m = 0. What are the prime factors of l?
2, 5
Suppose -8 = -28*r + 26*r. What are the prime factors of 30/24*r + 751?
2, 3, 7
Let l be ((-508932)/10)/(-9) + (-2)/(-10). Suppose -12*c + l = -7*c. What are the prime factors of c?
3, 13, 29
Suppose 22*k = -3*k + 400. Suppose g - 344 = -2*d + k, 2*g + 2*d - 726 = 0. What are the prime factors of g?
2, 3, 61
Let p be ((-978)/9)/(2/(-42)). Suppose 0 = -5*q + 16 - 6, -5*w + p = q. Suppose 4*f = 4*i + w, -2*f = f - 5*i - 336. What are the prime factors of f?
3, 13
Let s be ((-6)/(-4))/(3*(-6)/(-2592)). Suppose 2*p + 3*b = -5, -3*p + 4*b + 40 = p. Suppose 8*o - p*o - s = 0. What are the prime factors of o?
2, 3
Let z(a) = -a - 13. Let s be z(-13). Let q(k) = k**3 + 4*k**2 - k + 5. Let u be q(-4). Suppose s = u*h - 3*h - 762. What are the prime factors of h?
127
Let u(y) = 28*y + 122. Let h be u(0). Suppose -121*v + h*v - 281 = 0. What are the prime factors of v?
281
Let s be (-38)/(-10) - (90/(-50))/9. Let k(h) = h + 14. Let a be k(-12). Suppose -4*u - s*j + 240 = -j, -a*u - 5*j = -106. List the prime factors of u.
3, 7
Let z be (-11 + 0 + 6)/((-1)/1). Suppose 13 = 2*p - l, p + 1 = z*l + 30. What are the prime factors of p?
2
Suppose 0 = 10*a - 17*a - 15*a + 108614. What are the prime factors of a?
4937
Suppose -x + 4*y = -19533, -4*x = -3*y - 5557 - 72497. List the prime factors of x.
3, 7, 929
Suppose 4*g = 7 + 13. Let k be 7/5 + 68/(-20) + 12. Suppose -g*r = -k*r + 605. List the prime factors of r.
11
Let k be 4/(-18) + (-553)/63. Let l be (-12)/(-18) + 10/3 + 2. List the prime factors of (4 - 28/l)*k.
2, 3
Suppose 101 - 421 = 8*a. Let t be (-30)/a*(1 - -3). Suppose 5*j = 25, -t*k = -3*j - 7 - 338. List the prime factors of k.
2, 3, 5
Suppose -m - 54 = 2*m. Let a(f) = -f**2 - 17*f + 13. Let w be a(m). Let t(v) = -10*v - 2. What are the prime factors of t(w)?
2, 3
Let d(p) = 0 + 50*p + 24 - 47*p. Let w be d(-10). List the prime factors of ((-627)/22)/(w/32).
2, 19
List the prime factors of (1098/27 + 0)/((-6)/(-84312)*8).
61, 1171
Suppose -4389 = 14*y - 4123. Let o be (7/(-3))/1*36. Let x = y - o. What are the prime factors of x?
5, 13
Let p(x) = 3*x**2 + 4*x - 7. Suppose -58*i = -61*i - 12. Let b be p(i). Let l = b - -14. List the prime factors of l.
3, 13
Suppose -11*y + 44 + 0 = 0. Suppose 5*k - 619 = -3*d, -2*d - 56 + 466 = y*k. List the prime factors of d.
3, 71
Suppose 0 = -151*q + 4864123 - 1738725. What are the prime factors of q?
2, 79, 131
Let o = 24 - -68. Let x = -4062 + 4052. Let u = x + o. List the prime factors of u.
2, 41
Let s(w) be the second derivative of 7*w**3/3 - 19*w**2/2 - 2*w. Suppose 4*n - 4*m - 64 = 0, 2*n - 82*m + 83*m = 38. What are the prime factors of s(n)?
233
Let d(b) = -10*b**2 - 82*b + 10. Let p(v) = v**2 - 2. Let c be p(3). Let u(j) = 7*j**2 + 55*j - 7. Let w(i) = c*u(i) + 5*d(i). List the prime factors of w(-22).
67
Suppose 2 = -2*o, 5*h - 447 = 4*o + 107. Let d = h - 12. List the prime factors of d.
2, 7
Let h be -236*1/4*-4. Let o be 3/(-2) - 105/(-10). Suppose -h - 124 = -o*q. What are the prime factors of q?
2, 5
Let i be (0/(4/4))/3. Suppose -2*k = -l - l + 32, i = -3*l + 5*k + 48. What are the prime factors of l?
2
Let r = 26 + -24. Suppose -4*y = -4, 2381 = -s - 2*s - 4*y. What are the prime factors of r*(4 - s/10)?
167
Let d(f) = 13*f**2 + 5*f - 25. Let h(i) = i**2 - 17*i + 55. Let g be h(13). Let w(x) = -x**2 + 3*x + 3. Let n be w(g). List the prime factors of d(n).
107
Let u(j) = -2983*j + 424. List the prime factors of u(-3).
7, 13, 103
Let c be (1/(-4) + 18/8)*136. Let d be c/6 + 22/33. Let r = d + 10. List the prime factors of r.
2, 7
Let a = -966 - -495. List the prime factors of 0 - (a - -14) - (-8)/2.
461
Let j be ((-18)/(-2) - 3)/2. Suppose j*l - 2*u - 201 = 0, -l - 2*u - 71 = -2*l. Let x = -14 + l. List the prime factors of x.
3, 17
Suppose -79*c + 2*s = -77*c - 2612, 0 = -5*s. What are the prime factors of c?
2, 653
Let j = -12854 + 19089. What are the prime factors of j?
5, 29, 43
Suppose -40*a - 89550 = -15*a. List the prime factors of (a/(-28))/(24/28)*4.
3, 199
Let t(o) = -63*o + 96. Let x be t(-9). Let d = -345 + x. What are the prime factors of d?
2, 3, 53
Let x = 439 + 14. Let m = x - -380. List the prime factors of m.
7, 17
Let f be 0*1/(-3)*(-6)/(-4). Suppose f*y - 4*y + 2*r + 582 = 0, -r = -4*y + 583. Suppose -3 = -t + k + 23, 0 = 5*t - k - y. What are the prime factors of t?
2, 3, 5
Suppose 0 = 5*j - 5*u - 65, -29*j - 21 = -31*j + u. What are the prime factors of -5 + 4 - (-7528)/(j/1)?
2, 5, 47
Let r be ((-46)/(-8))/(((-1)/4)/(-1)). Suppose 0 = r*s - 28*s - 22185. What are the prime factors of s/(-68) + (-1)/4?
5, 13
Let g be (-8)/2 + (